{"id":20,"date":"2023-05-25T15:11:02","date_gmt":"2023-05-25T13:11:02","guid":{"rendered":"https:\/\/www.closertonature.online\/?page_id=20"},"modified":"2026-02-10T11:20:33","modified_gmt":"2026-02-10T10:20:33","slug":"domov","status":"publish","type":"page","link":"https:\/\/www.closertonature.online\/","title":{"rendered":"Domov"},"content":{"rendered":"<section class=\"wpb-content-wrapper\">[vc_section][vc_row][vc_column]<div class=\"norebro-text-sc \" \n\tid=\"norebro-custom-69ecb5629035e\" \n\t \n\t>\n\n\t<p>\n\t\t\t<!-- START Slider 1 1 REVOLUTION SLIDER 6.6.13 --><p class=\"rs-p-wp-fix\"><\/p>\n\t\t\t<rs-module-wrap id=\"rev_slider_2_1_wrapper\" data-source=\"gallery\" style=\"visibility:hidden;background:transparent;padding:0;margin:0px auto;margin-top:0;margin-bottom:0;\">\n\t\t\t\t<rs-module id=\"rev_slider_2_1\" style=\"\" data-version=\"6.6.13\">\n\t\t\t\t\t<rs-slides style=\"overflow: hidden; position: absolute;\">\n\t\t\t\t\t\t<rs-slide style=\"position: absolute;\" data-key=\"rs-7\" data-title=\"Slide\" data-anim=\"ms:1200;f:edges;\" data-in=\"o:0;x:cyc(-10|10);y:cyc(-10|10);r:cyc(-10|10);sx:0.1;sy:0.1;row:8;col:8;\" data-out=\"a:false;\">\n\t\t\t\t\t\t\t<img decoding=\"async\" src=\"\/\/www.closertonature.online\/wp-content\/plugins\/slider-revolution\/public\/assets\/assets\/dummy.png\" alt=\"logo s n\u00e1pisom CloserTOnature, hlavou pyrenejsk\u00e9ho horsk\u00e9ho psa, hory v pozad\u00ed a spodok lemuje l\u00edstie\" title=\"CTN logo\" width=\"1669\" height=\"1717\" class=\"rev-slidebg tp-rs-img rs-lazyload\" data-lazyload=\"\/\/www.closertonature.online\/wp-content\/uploads\/2024\/11\/CTN-logo.png\" data-bg=\"f:contain;\" data-no-retina>\n<!---->\t\t\t\t\t\t<\/rs-slide>\n\t\t\t\t\t\t<rs-slide style=\"position: absolute;\" data-key=\"rs-8\" data-title=\"Slide\" data-in=\"o:0;\" data-out=\"a:false;\">\n\t\t\t\t\t\t\t<img decoding=\"async\" src=\"\/\/www.closertonature.online\/wp-content\/plugins\/slider-revolution\/public\/assets\/assets\/dummy.png\" alt=\"Su\u010dka a pes pyrenejsk\u00e9ho horsk\u00e9ho psa s ovcami vo vysokohorskom prostred\u00ed\" title=\"Ochrana st\u00e1da\" width=\"2560\" height=\"1920\" class=\"rev-slidebg tp-rs-img rs-lazyload\" data-lazyload=\"\/\/www.closertonature.online\/wp-content\/uploads\/2024\/02\/IMG_1883-scaled-1.jpeg\" data-no-retina>\n<!--\n\t\t\t\t\t\t\t--><rs-layer\n\t\t\t\t\t\t\t\tid=\"slider-2-slide-8-layer-3\" \n\t\t\t\t\t\t\t\tdata-type=\"shape\"\n\t\t\t\t\t\t\t\tdata-rsp_ch=\"on\"\n\t\t\t\t\t\t\t\tdata-xy=\"x:c;y:c;\"\n\t\t\t\t\t\t\t\tdata-text=\"w:normal;\"\n\t\t\t\t\t\t\t\tdata-dim=\"w:100%;h:100%;\"\n\t\t\t\t\t\t\t\tdata-frame_0=\"sX:0.9;sY:0.9;\"\n\t\t\t\t\t\t\t\tdata-frame_1=\"e:power2.inOut;st:600;sp:2000;sR:600;\"\n\t\t\t\t\t\t\t\tdata-frame_999=\"sX:0.9;sY:0.9;o:0;e:power2.inOut;st:w;sp:1000;sR:6400;\"\n\t\t\t\t\t\t\t\tstyle=\"z-index:6;background-color:rgba(0,0,0,0.5);\"\n\t\t\t\t\t\t\t> \n\t\t\t\t\t\t\t<\/rs-layer><!--\n\n\t\t\t\t\t\t\t--><rs-layer\n\t\t\t\t\t\t\t\tid=\"slider-2-slide-8-layer-4\" \n\t\t\t\t\t\t\t\tdata-type=\"text\"\n\t\t\t\t\t\t\t\tdata-color=\"#fff\"\n\t\t\t\t\t\t\t\tdata-rsp_ch=\"on\"\n\t\t\t\t\t\t\t\tdata-xy=\"x:c;y:c;\"\n\t\t\t\t\t\t\t\tdata-text=\"w:normal;s:80;l:90;ls:-4;fw:700;\"\n\t\t\t\t\t\t\t\tdata-dim=\"minh:0px;\"\n\t\t\t\t\t\t\t\tdata-frame_0=\"o:1;\"\n\t\t\t\t\t\t\t\tdata-frame_0_chars=\"d:5;x:105%;o:1;rY:45deg;rZ:90deg;\"\n\t\t\t\t\t\t\t\tdata-frame_0_mask=\"u:t;\"\n\t\t\t\t\t\t\t\tdata-frame_1=\"st:1000;sp:2300;sR:1000;\"\n\t\t\t\t\t\t\t\tdata-frame_1_chars=\"e:power4.inOut;d:10;rZ:0deg;\"\n\t\t\t\t\t\t\t\tdata-frame_1_mask=\"u:t;\"\n\t\t\t\t\t\t\t\tdata-frame_999=\"o:0;e:power2.in;st:w;sp:1000;sR:4500;\"\n\t\t\t\t\t\t\t\tstyle=\"z-index:7;font-family:'Dancing Script';\"\n\t\t\t\t\t\t\t>Ochrana st\u00e1da \n\t\t\t\t\t\t\t<\/rs-layer><!--\n-->\t\t\t\t\t\t<\/rs-slide>\n\t\t\t\t\t\t<rs-slide style=\"position: absolute;\" data-key=\"rs-10\" data-title=\"Slide\" data-in=\"o:0;\" data-out=\"a:false;\">\n\t\t\t\t\t\t\t<img decoding=\"async\" src=\"\/\/www.closertonature.online\/wp-content\/plugins\/slider-revolution\/public\/assets\/assets\/dummy.png\" alt=\"Tri dospel\u00e9 pyrenejsk\u00e9 psy p\u00f3zuj\u00face ako svorka\" title=\"Pyrenejsk\u00e9 horsk\u00e9 psy\" width=\"1500\" height=\"2000\" class=\"rev-slidebg tp-rs-img rs-lazyload\" data-lazyload=\"\/\/www.closertonature.online\/wp-content\/uploads\/2024\/02\/IMG_20231006_115145.jpg\" data-no-retina>\n<!--\n\t\t\t\t\t\t\t--><rs-layer\n\t\t\t\t\t\t\t\tid=\"slider-2-slide-10-layer-3\" \n\t\t\t\t\t\t\t\tdata-type=\"shape\"\n\t\t\t\t\t\t\t\tdata-rsp_ch=\"on\"\n\t\t\t\t\t\t\t\tdata-xy=\"x:c;y:c;\"\n\t\t\t\t\t\t\t\tdata-text=\"w:normal;\"\n\t\t\t\t\t\t\t\tdata-dim=\"w:100%;h:100%;\"\n\t\t\t\t\t\t\t\tdata-frame_0=\"sX:0.9;sY:0.9;\"\n\t\t\t\t\t\t\t\tdata-frame_1=\"e:power2.inOut;st:600;sp:2000;sR:600;\"\n\t\t\t\t\t\t\t\tdata-frame_999=\"sX:0.9;sY:0.9;o:0;e:power2.inOut;st:w;sp:1000;sR:6400;\"\n\t\t\t\t\t\t\t\tstyle=\"z-index:6;background-color:rgba(0,0,0,0.5);\"\n\t\t\t\t\t\t\t> \n\t\t\t\t\t\t\t<\/rs-layer><!--\n\n\t\t\t\t\t\t\t--><rs-layer\n\t\t\t\t\t\t\t\tid=\"slider-2-slide-10-layer-4\" \n\t\t\t\t\t\t\t\tdata-type=\"text\"\n\t\t\t\t\t\t\t\tdata-color=\"#fff\"\n\t\t\t\t\t\t\t\tdata-rsp_ch=\"on\"\n\t\t\t\t\t\t\t\tdata-xy=\"x:c;y:c;\"\n\t\t\t\t\t\t\t\tdata-text=\"w:normal;s:80;l:90;ls:-4;fw:700;\"\n\t\t\t\t\t\t\t\tdata-dim=\"w:569px;h:98px;minh:0px;\"\n\t\t\t\t\t\t\t\tdata-frame_0=\"o:1;\"\n\t\t\t\t\t\t\t\tdata-frame_0_chars=\"d:5;x:105%;o:1;rY:45deg;rZ:90deg;\"\n\t\t\t\t\t\t\t\tdata-frame_0_mask=\"u:t;\"\n\t\t\t\t\t\t\t\tdata-frame_1=\"st:1000;sp:2300;sR:1000;\"\n\t\t\t\t\t\t\t\tdata-frame_1_chars=\"e:power4.inOut;d:10;rZ:0deg;\"\n\t\t\t\t\t\t\t\tdata-frame_1_mask=\"u:t;\"\n\t\t\t\t\t\t\t\tdata-frame_999=\"o:0;e:power2.in;st:w;sp:1000;sR:4500;\"\n\t\t\t\t\t\t\t\tstyle=\"z-index:7;font-family:'Dancing Script';\"\n\t\t\t\t\t\t\t>Pyrenejsk\u00fd horsk\u00fd pes \n\t\t\t\t\t\t\t<\/rs-layer><!--\n-->\t\t\t\t\t\t<\/rs-slide>\n\t\t\t\t\t<\/rs-slides>\n\t\t\t\t<\/rs-module>\n\t\t\t\t<script>\n\t\t\t\t\tsetREVStartSize({c: 'rev_slider_2_1',rl:[1240,1024,778,480],el:[900],gw:[1240],gh:[900],type:'standard',justify:'',layout:'fullwidth',mh:\"0\"});if (window.RS_MODULES!==undefined && window.RS_MODULES.modules!==undefined && window.RS_MODULES.modules[\"revslider21\"]!==undefined) {window.RS_MODULES.modules[\"revslider21\"].once = false;window.revapi2 = undefined;if (window.RS_MODULES.checkMinimal!==undefined) window.RS_MODULES.checkMinimal()}\n\t\t\t\t<\/script>\n\t\t\t<\/rs-module-wrap>\n\t\t\t<!-- END REVOLUTION SLIDER -->\n<\/p>\n\t\n<\/div>[\/vc_column][\/vc_row][vc_row][vc_column][vc_empty_space]<div class=\"norebro-heading-sc heading text-center\"\n\tid=\"norebro-custom-69ecb56294a1a\" \n\t \n\t>\n\t\n\t\n\t\n\t<h1 class=\"title\">\n\t\tVenujeme sa chovu a odchovu psov plemena pyrenejsk\u00fd horsk\u00fd pes (FCI) na ochranu st\u00e1da, sprostredkovaniu hotov\u00fdch pracovn\u00fdch pastierskych psov, poradenstvu a in\u00fdm slu\u017eb\u00e1m spojen\u00fdm s ochranou st\u00e1da.\t<\/h1>\n\n\t\n\t\t\t<p class=\"subtitle\">\n\t\t\t\t\t<\/p>\n\t\t\n<\/div>[vc_empty_space height=&#8220;20px&#8220;]<div class=\"norebro-text-sc \" \n\tid=\"norebro-custom-69ecb56294b29\" \n\t \n\t>\n\n\t<p style=\"text-align: center;\">Na\u0161e psy akt\u00edvne p\u00f4sobia na farm\u00e1ch doma i v zahrani\u010d\u00ed. \u00daspe\u0161ne str\u00e1\u017eia ovce, ale aj sliepky, kone a in\u00e9 hospod\u00e1rske zvierat\u00e1.<\/p>\n<p style=\"text-align: center;\">Ich \u00faspechy si m\u00f4\u017eete pozrie\u0165 v sekcii &#8222;Ochrana st\u00e1da&#8220;.<\/p>\n\t\n<\/div>[vc_empty_space height=&#8220;20px&#8220;]<div class=\"norebro-heading-sc heading text-center\"\n\tid=\"norebro-custom-69ecb56294b8b\" \n\t \n\t>\n\t\n\t\n\t\n\t<h3 class=\"title\">\n\t\tOkrem vy\u0161\u0161ie spomenut\u00fdch slu\u017eieb sa venujeme aj poradenstvu v oblasti welfare a chovu exempl\u00e1rov \u017eivo\u010d\u00edchov a in\u00fdch vo\u013ene \u017eij\u00facich cudzokrajn\u00fdch \u017eivo\u010d\u00edchov, poradenstvu v oblasti legislat\u00edvy a vedenia evidencie zvierat, transportu zvierat a ich sprostredkovaniu.\t<\/h3>\n\n\t\n\t\t\t<p class=\"subtitle\">\n\t\t\t\t\t<\/p>\n\t\t\n<\/div>[vc_empty_space height=&#8220;20px&#8220;]<div class=\"norebro-text-sc \" \n\tid=\"norebro-custom-69ecb56294bdc\" \n\t \n\t>\n\n\t<p style=\"text-align: center;\">Bli\u017e\u0161ie info oh\u013eadom t\u00fdchto slu\u017eieb n\u00e1jdete v sekcii &#8222;Slu\u017eby&#8220;<\/p>\n\t\n<\/div>[vc_empty_space height=&#8220;20px&#8220;][\/vc_column][\/vc_row][vc_row full_width=&#8220;stretch_row&#8220; css=&#8220;.vc_custom_1770642202831{background-color: #ffcc70 !important;}&#8220;][vc_column width=&#8220;1\/3&#8243;][\/vc_column][vc_column width=&#8220;1\/3&#8243;][vc_empty_space]<div class=\"norebro-banner-box-sc banner-box text-center\"\n\tid=\"norebro-custom-69ecb56294ed2\"\n\t\t>\n\n\t\t\t<div class=\"image-wrap\">\n\t\t\t<img decoding=\"async\" src=\"https:\/\/www.closertonature.online\/wp-content\/uploads\/2026\/02\/Z-lesa-Carskeho.png\" alt=\"Oznamujeme vrh ``C``\">\n\t\t\t<div class=\"overlay default\">\n\t\t\t\t\t\t\t\t<a class=\"btn btn-white btn-small btn-outline\" href=\"#\">\n\t\t\t\t\tRead More\t\t\t\t\t\t\t\t\t<\/a>\n\t\t\t\t\t\t\t<\/div>\n\t\t<\/div>\n\t\t<div class=\"content\">\n\n\t\t\t<div class=\"title-wrap\">\n\t\t\t\t<h4>Oznamujeme vrh ``C``<\/h4>\n\t\t\t\t\t\t\t\t<p class=\"subtitle\">Z Lesa \u010c\u00e1rskeho<\/p>\n\t\t\t\t\t\t\t<\/div>\n\n\t\t\t<div class=\"description-wrap\">\n\t\t\t\t<p class=\"description\">S rados\u0165ou V\u00e1m oznamujeme, \u017ee 19.1.2026 do\u0161lo ku krytiu. \u0160teniatka o\u010dak\u00e1vame v priebehu druhej polovice marca.\n<br>\n<br>\nMatka: Umeed de Ka\u00efku Borda <br>\n(Import z Franc\u00fazska z tradi\u010dnej farmy oviec )<br>\nDBK: A\/A; BOB, CACIB, CAC<br>\n<br>\nOtec: Kai Harvey from Pyrlandia <br>\nDLK: 0\/0; DBK: A\/A; PL: negative\/negative<br>\nCACIB, CAC<br>\n(S v\u00fdborn\u00fdm rodokme\u0148om po matke aj otcovi vi\u010f \"Pyrenejsk\u00e9 horsk\u00e9 psy\")<\/p>\n\n\t\t\t\t\t\t\t<\/div>\n\n\t\t<\/div>\n\t\n<\/div>\n[\/vc_column][vc_column width=&#8220;1\/3&#8243;][\/vc_column][\/vc_row][vc_row css=&#8220;.vc_custom_1730962194691{padding-top: 32px !important;}&#8220;][vc_column width=&#8220;1\/3&#8243;][vc_video link=&#8220;https:\/\/www.youtube.com\/shorts\/LiY79JhENB4&#8243; el_aspect=&#8220;34&#8243;][vc_empty_space][\/vc_column][vc_column width=&#8220;1\/3&#8243;][vc_video link=&#8220;https:\/\/www.youtube.com\/shorts\/Xx3ImzZv-u0&#8243; el_aspect=&#8220;34&#8243;][vc_empty_space][\/vc_column][vc_column width=&#8220;1\/3&#8243;][vc_video link=&#8220;https:\/\/www.youtube.com\/shorts\/4k6hBsZjrEc&#8220; el_aspect=&#8220;34&#8243;][vc_empty_space][\/vc_column][\/vc_row][vc_row][vc_column width=&#8220;1\/3&#8243;][vc_empty_space][vc_video link=&#8220;https:\/\/www.youtube.com\/shorts\/iq0OhTiXuxI&#8220; el_aspect=&#8220;34&#8243;][\/vc_column][vc_column width=&#8220;1\/3&#8243;][vc_empty_space][vc_video link=&#8220;https:\/\/www.youtube.com\/shorts\/cfzs1mu1MQw&#8220; el_aspect=&#8220;34&#8243;][\/vc_column][vc_column width=&#8220;1\/3&#8243;][vc_empty_space][vc_video link=&#8220;https:\/\/www.youtube.com\/shorts\/1NB8chkyVM4&#8243; el_aspect=&#8220;34&#8243;][\/vc_column][\/vc_row][\/vc_section]\n<\/section>","protected":false},"excerpt":{"rendered":"<p>[vc_section][vc_row][vc_column][\/vc_column][\/vc_row][vc_row][vc_column][vc_empty_space][vc_empty_space height=&#8220;20px&#8220;][vc_empty_space height=&#8220;20px&#8220;][vc_empty_space height=&#8220;20px&#8220;][vc_empty_space height=&#8220;20px&#8220;][\/vc_column][\/vc_row][vc_row full_width=&#8220;stretch_row&#8220; css=&#8220;.vc_custom_1770642202831{background-color: #ffcc70 !important;}&#8220;][vc_column width=&#8220;1\/3&#8243;][\/vc_column][vc_column width=&#8220;1\/3&#8243;][vc_empty_space][\/vc_column][vc_column width=&#8220;1\/3&#8243;][\/vc_column][\/vc_row][vc_row css=&#8220;.vc_custom_1730962194691{padding-top: 32px&#8230;<\/p>\n","protected":false},"author":1,"featured_media":0,"parent":0,"menu_order":0,"comment_status":"closed","ping_status":"closed","template":"","meta":{"footnotes":""},"class_list":["post-20","page","type-page","status-publish","hentry"],"acf":[],"aioseo_notices":[],"_links":{"self":[{"href":"https:\/\/www.closertonature.online\/index.php\/wp-json\/wp\/v2\/pages\/20","targetHints":{"allow":["GET"]}}],"collection":[{"href":"https:\/\/www.closertonature.online\/index.php\/wp-json\/wp\/v2\/pages"}],"about":[{"href":"https:\/\/www.closertonature.online\/index.php\/wp-json\/wp\/v2\/types\/page"}],"author":[{"embeddable":true,"href":"https:\/\/www.closertonature.online\/index.php\/wp-json\/wp\/v2\/users\/1"}],"replies":[{"embeddable":true,"href":"https:\/\/www.closertonature.online\/index.php\/wp-json\/wp\/v2\/comments?post=20"}],"version-history":[{"count":207,"href":"https:\/\/www.closertonature.online\/index.php\/wp-json\/wp\/v2\/pages\/20\/revisions"}],"predecessor-version":[{"id":1117,"href":"https:\/\/www.closertonature.online\/index.php\/wp-json\/wp\/v2\/pages\/20\/revisions\/1117"}],"wp:attachment":[{"href":"https:\/\/www.closertonature.online\/index.php\/wp-json\/wp\/v2\/media?parent=20"}],"curies":[{"name":"wp","href":"https:\/\/api.w.org\/{rel}","templated":true}]}}